 common divisor of b and x?
15
Let n be 24 - 22 - (4 + -12). Calculate the highest common divisor of 970 and n.
10
Let m be (-14)/(-2 + 3/2). Let b = m + -18. What is the highest common factor of 4 and b?
2
Let f be (-96)/(-1) + -2 - 0/6. Let n = -34 + f. What is the greatest common factor of n and 12?
12
Suppose -a + 152 = -3*s, s + 146 + 462 = 4*a. Calculate the highest common divisor of 24 and a.
8
Let p be 47*1 + (-3 - (0 - 1)). Suppose -p = -7*a + 123. Calculate the greatest common divisor of a and 216.
24
Let p(g) = g**3 + 21*g**2 + 96*g - 2. Let r be p(-14). Suppose -f - 1175 = -5*c, -4*c - c + 1145 = 5*f. What is the greatest common divisor of r and c?
26
Suppose o + 5 = 2*o. Let r be (3 - o/2)*8. Let w = 156 - 128. Calculate the highest common factor of r and w.
4
Let m be (2/(-2) - -3) + 78. Suppose m*v + 6 = 81*v. Calculate the highest common divisor of 24 and v.
6
Let x = -282 - -310. What is the highest common divisor of 16 and x?
4
Suppose 4*x = k - 41 - 4, -5*k + 4*x = -145. Let b be (-2 + 5)/(2/(-6)). Let l = k + b. What is the highest common factor of l and 64?
16
Suppose v - 11*v = -360. Let a be (-4 - -3 - (-5)/(-25))*-45. Calculate the highest common factor of v and a.
18
Let d(y) = -y**2 + 18*y - 24. Let g be d(14). Let c = g - 29. Let a(p) = p**2 - 9*p + 9. Let x be a(8). What is the highest common divisor of x and c?
1
Let u be (0 - -3)/(-3) - -4. Suppose -u*j - 8 = -17. Calculate the greatest common factor of 21 and j.
3
Let w = 117 - 145. Let g = w + 30. Calculate the greatest common factor of g and 6.
2
Let a be 0 + (-32)/(-4) + -3. Suppose -a*z + 70 = -f, 4*f + 0*f - 20 = 0. What is the highest common divisor of z and 60?
15
Suppose 5 - 25 = -g + 4*f, -10 = g + 2*f. Suppose 3*x - 4*x + 63 = g. What is the highest common divisor of 9 and x?
9
Let w(m) = -m**2 + 3*m + 16. Let x be w(6). Let r be (8/6)/(x/(-30)). What is the greatest common divisor of r and 40?
20
Let a be (-1 - (-6)/(-3)) + 17. Suppose 0 = 2*j + 4*c + a, 6*j - 3*c = 3*j - 3. Let w be (-4 - j)/1 + 13. What is the greatest common divisor of w and 6?
6
Let r = 80 + -40. Suppose 7*a - 4*a - 30 = 0. Calculate the greatest common factor of a and r.
10
Suppose -3*p = -1447 + 127. Calculate the highest common divisor of 60 and p.
20
Let g = 299 + -279. Calculate the greatest common factor of 70 and g.
10
Let o = -27 - -36. Calculate the greatest common factor of o and 1.
1
Let t = -1141 - -1752. What is the highest common factor of t and 13?
13
Let w = -15 - -14. Let u(z) = -3*z**2 - 3*z + 1. Let g be u(w). What is the greatest common divisor of 9 and g?
1
Let k = -1373 + 1421. Calculate the greatest common divisor of 84 and k.
12
Let y(o) = -6*o**3 + 0*o**3 + o + 4*o**2 + 5*o**3 - 1. Suppose -l - 5*u = -19, 0*l - 2*l - u = -11. Let k be y(l). What is the highest common factor of k and 9?
3
Let h(i) = -i + 1. Let l be h(4). Suppose -7*x + 4*x + 3*r = -60, -4*x + 5*r + 77 = 0. Let s = l + x. Calculate the greatest common divisor of s and 140.
20
Let f be (3/(-2))/((-12)/24). Suppose -2*c - f*q + 24 = 0, 0 = c + q - 7 - 3. Suppose 0 = c*b - 48. What is the greatest common factor of 56 and b?
8
Let g be (1 - 20)/(1/(-5)). Let i(a) = a**2 - 27*a + 45. Let l be i(26). Calculate the greatest common factor of l and g.
19
Let k = -113 + 67. Let x = -26 - k. Let t = 12 + -2. What is the highest common divisor of t and x?
10
Suppose -30*h - 64 = -304. Suppose -4*x = -65 - 223. What is the highest common factor of x and h?
8
Let n be 6072/55 + ((-88)/20 - -4). What is the highest common factor of 30 and n?
10
Suppose -8*c + 7*c = 0. Suppose c = 4*n - q + 4*q - 334, -5*n + 417 = 4*q. Calculate the greatest common factor of n and 17.
17
Suppose -5*o + 755 = -h, -138 - 315 = -3*o - 5*h. Let z = -43 + o. What is the highest common divisor of 27 and z?
27
Let t = -95 - -91. Let g(l) = -l**3 - 2*l**2 + 3*l + 3. Let b be g(t). What is the highest common factor of b and 253?
23
Let y be (3 + 0)*18/27. Suppose 5*b - 3*i - 5 = 0, 1 = y*b - 4*i - 1. What is the highest common factor of 9 and b?
1
Let x(g) = g + 15. Let k(s) = -s - 12. Let t be k(-16). Let y be t/(-26) - (-134)/26. Let r be x(y). What is the highest common factor of 50 and r?
10
Suppose 4 = x + 3*s, 2*x + x - s - 12 = 0. Suppose -x*t = -t + 42. Let a = t - -34. What is the greatest common factor of a and 50?
10
Let c = 1975 - 1876. Let o(d) = -d**3 - 6*d**2 - 4*d + 6. Let q be o(-5). Let i be 18/((q - 0)*2). What is the greatest common divisor of c and i?
9
Let c = 8 - 6. Suppose c*r = 17 + 123. What is the highest common divisor of r and 35?
35
Suppose -4*b + r + 107 + 49 = 0, 5*r = -5*b + 220. What is the highest common factor of b and 270?
10
Let g(s) = s**2 - 5*s - 20. Let b be g(9). Let h(y) = -y + 1. Let i be h(-13). Let z = 2 + i. What is the highest common divisor of b and z?
16
Let i be -28*(-6)/24 + 12 + -4. Suppose 5*z - 3*a - 609 = 0, 3*a - 385 = -3*z - 34. Calculate the highest common factor of i and z.
15
Let b = 14 + 1. Suppose 3*q - 10 = q. Let l = q + 25. What is the greatest common factor of b and l?
15
Let q = 205 - 61. Let k be (q/30)/((-6)/(-15)). What is the greatest common divisor of 4 and k?
4
Let d = 137 - 83. Suppose 4*m - 2*g = -3*g + 27, 4*m = -3*g + 33. Calculate the highest common factor of d and m.
6
Let n(o) = -7*o + 8. Let c be n(-12). What is the greatest common factor of c and 4?
4
Let t(s) = s**3 - 24*s**2 + 22*s + 25. Let c be t(23). Suppose -16 = -4*b - 0*b + 5*h, c*h + 16 = 4*b. What is the highest common divisor of b and 4?
4
Let l be 0/((-2)/8*-4). Suppose -v - 5*v + 54 = l. Calculate the greatest common factor of 63 and v.
9
Let l(a) = -a**3 - 10*a - 34. Let w be l(-6). Calculate the greatest common divisor of 121 and w.
121
Suppose -5*f = 4*f + 702. Let i = 134 + f. What is the greatest common divisor of i and 8?
8
Let l(n) = n**3 - 10*n**2 - 8*n - 6. Suppose 3*v = 2*v + 11. Let k be l(v). Let a = 77 - k. What is the highest common factor of a and 5?
5
Let n be -2 - -5 - (-11)/((-44)/24). Let u be (-9)/6*(n + 1). Calculate the greatest common divisor of 2 and u.
1
Let x(y) = -25*y + 95. Let p be x(-6). What is the greatest common divisor of 10 and p?
5
Suppose y - 37 = -4*m, 5*y + 7*m = 5*m + 95. Calculate the greatest common factor of y and 425.
17
Let q(n) = -n**3 + 50*n**2 - 44*n + 140. Let x be q(49). Calculate the highest common divisor of 140 and x.
35
Suppose 3*t + 3*r - 9 = 2*t, -4*r = 5*t - 12. Suppose -40 = -71*h + 63*h. Suppose t = -h*g + 58 + 52. What is the greatest common factor of 2 and g?
2
Let y = 1103 - 1083. What is the highest common factor of y and 52?
4
Let r(l) = -16*l**2 - 2*l + 9. Let a be r(4). Let s = a + 375. Suppose 3*b = -b + s. Calculate the highest common divisor of b and 10.
10
Let n = -1431 + 3003. Let r be (-5)/((-70)/n) - (-50)/(-175). What is the greatest common factor of r and 14?
14
Let r(b) = 8*b - 40. Let l be 5*6/50 - 261/(-15). Let u be r(l). Calculate the highest common factor of u and 26.
26
Let t be (7/2 + -1)*6. Suppose 0 = -4*n - 2*y + 28, -3*n + 4*y + 4 = n. Calculate the highest common divisor of n and t.
5
Suppose -215 - 94 = -3*h. Suppose 4*m = -3*z + h, 3*m - 19 = -z + 12. Calculate the highest common divisor of 259 and z.
37
Let m be (56/42)/(2 + 4/(-6)). What is the highest common factor of m and 107?
1
Let k = 372 + -332. Calculate the highest common divisor of k and 440.
40
Let s be ((-3)/2)/3*-2. Let h(j) = 4*j + 26. Let v be h(-4). Let g be (s - v)*40/(-12). Calculate the greatest common divisor of 45 and g.
15
Let w = 2587 - 2342. What is the highest common factor of w and 70?
35
Suppose 0 = -3*t - 6, -1619*a + 1614*a + 79 = 3*t. Let n be (51/(-9))/((-1)/3). What is the greatest common factor of a and n?
17
Let j = -1143 + 2586. What is the greatest common factor of 39 and j?
39
Suppose -2*s + 4*l + 4 = -38, 4*s = -2*l + 54. Let b = 2628 - 2625. What is the highest common factor of s and b?
3
Let a be 2/4 + 8/(-16) + 11. Let v(l) = 2*l - 6. Let r be v(4). Let t = 3 - r. What is the greatest common factor of t and a?
1
Let y be (33 - 0) + 80/35 + 2/(-7). Suppose 3*m - 89 = -26. Calculate the highest common factor of y and m.
7
Let b(q) = -q**2 - q + 21. Let l be b(0). Let m be (-3)/(-6)*(-13 + 7). Let n = l - m